(s) = -2*s. Let n be o(-2). Suppose v + 19 = -3*x, -24 = n*x - 0*x + 2*v. Let i = x - -11. Let y(d) = -3*d + 6. What is y(i)?
-6
Let m(r) be the third derivative of r**5/60 - 7*r**4/24 + r**3/3 + 2*r**2. Let h(v) = -3*v**2 + 58*v + 43. Let l be h(20). Give m(l).
-10
Let n(q) = q**2 - 4*q - 3. Let p(i) = -i - 1. Let z(o) = n(o) - 5*p(o). Give z(4).
22
Let k(q) = q - 6. Let f = 14 + -8. Suppose -2*c - f = -3*a, -4*c - 4*a + 8 = -6*c. Determine k(c).
-6
Let f be (-114)/10 - (16/20)/(-2). Let t(i) = -i**2 - 10*i + 7. Calculate t(f).
-4
Let c(b) = -2*b + 43. Let y be c(13). Let n(x) = -14*x**2 - 12. Let o(p) = 5*p**2 + 4. Let h(i) = y*o(i) + 6*n(i). Determine h(4).
12
Let a(h) = 4*h**2 - h. Let i(x) = x + 17. Let q be i(0). Suppose -7 - q = 4*f. Let l = 7 + f. Calculate a(l).
3
Let x(n) be the third derivative of -n**5/60 - 5*n**4/12 - 4*n**3/3 - 47*n**2. Determine x(-8).
8
Let z(x) = -118*x**3 + 0*x + 6*x**2 - 5 - x + 117*x**3. Give z(5).
15
Let k(u) = 8*u**2 + 3*u. Let d(f) = 4*f**2 + f. Let m(r) = 9*d(r) - 4*k(r). Determine m(3).
27
Suppose -17 + 7 = -5*c. Let r(u) be the first derivative of -2*u**2 + u + 13. Give r(c).
-7
Suppose 15*f - 3*f = 444. Let m(s) = -1 + 66*s**2 - 30*s**2 - f*s**2 + 3*s. Calculate m(1).
1
Let v(k) be the third derivative of k**5/60 + k**4/6 - 2*k**3/3 - 11*k**2 - 3*k + 35. Suppose 7 + 1 = -2*a. What is v(a)?
-4
Let s be (-2)/((-6)/(-10) - 1). Suppose 0 = -4*h - 5*d + 67 + 58, -3*h = 5*d - 95. Let x(y) = -5 + 5 + h*y - y**2 - 28*y + 7. Determine x(s).
-8
Let d = 155 - 159. Let f(t) = 3*t + 2*t - 4*t - 1 - 3*t**2 - t**3. What is f(d)?
11
Let u = -705 + 706. Let b(m) = -9*m**3 - m**2 - m + 2. Give b(u).
-9
Let g(l) be the third derivative of l**4/24 + 10*l**3/3 + 5*l**2 - 1. Give g(-14).
6
Let k(o) = -o**3 - o**2 + o + 9. Suppose -p + z = -4*p + 113, 5*z - 10 = 0. Let i = p + -37. What is k(i)?
9
Let n(g) = g**2 + 6*g - 5. Let x(d) = 24*d**2 + 12*d - 9*d**2 - 14*d**2 - 6. Let q be x(-12). What is n(q)?
-5
Let i(l) be the third derivative of 0*l - 5/6*l**3 - 1/60*l**5 - 3/8*l**4 + l**2 + 0. Let a = -2250 - -2244. Determine i(a).
13
Let x(v) be the second derivative of v**5/20 + 5*v**4/6 - 11*v**3/6 + v**2/2 - 22*v - 2. Give x(-11).
1
Let m(v) be the first derivative of -v**4/4 + 5*v**3/3 - v**2/2 + 2*v + 13. Let g be 1/((-2)/6) - -1. Let r(z) = 2*z**2 + z - 1. Let s be r(g). Determine m(s).
-3
Let i(r) be the third derivative of -r**5/60 - r**4/12 + r**3/6 + 121*r**2. What is i(-5)?
-14
Let z(b) = b**2 - 8*b - 4. Let h(r) = -3*r - 22. Let v(l) = 2*l + 15. Let t(s) = 5*h(s) + 8*v(s). Let y be t(-4). Calculate z(y).
-16
Let k(c) = -c**3 - 3*c**2 + 9*c - 5. Let m be k(-5). Let t(q) be the second derivative of 0*q**3 + 5*q**2 + 3*q + 1/20*q**5 + m + 0*q**4. Determine t(0).
10
Let n(j) be the second derivative of -j**5/60 - j**4/6 + 2*j**3/3 - 14*j**2 + 32*j. Let l(t) be the first derivative of n(t). What is l(-6)?
-8
Let p(c) be the first derivative of 12 - 2*c + 1/3*c**3 - 3*c**2. Determine p(6).
-2
Let n be (-4)/2 - (4 + -5). Suppose -3*d + x = -5 + 1, -x = 5*d - 20. Let j(t) = 6 + 2*t + 3*t**2 - 4 - d*t - 3. What is j(n)?
3
Let t(u) = 17 + 0*u - 9 - u - 6. Let r = 17 - 7. Let d = r + -6. Give t(d).
-2
Suppose 0 = -3*g - 12, 3*g + 8 = 3*y - 4*y. Let v(h) = 3 + h**3 + 3*h - 5*h**2 - 4*h - y*h + 9*h. What is v(4)?
3
Let o(y) be the second derivative of y**5/20 + y**4/3 - 3*y**3/2 + 7*y**2 - 4*y - 8. Determine o(-6).
-4
Let n(d) = 20 - 4*d**2 - 20. Let h be (0 - 0) + 1/1. What is n(h)?
-4
Let t = -32 - -34. Suppose 0 = -t*q + 6*q - 8. Let l(r) = -4*r + 3. Calculate l(q).
-5
Let u(g) be the second derivative of -g**4/12 + 2*g**2 + g + 1. Give u(2).
0
Suppose q + 2*f + 7 = 4*q, -4*q + 5*f = -21. Let k = q - -1. Let r(n) = n**3 + n**2 - n + 14. Calculate r(k).
14
Let d(k) = 49*k - 7 + 47*k + 44*k - 133*k. Determine d(-4).
-35
Let d(n) = n**3 - 10*n**2 - 9*n - 12. Suppose -5*o = 2*m - 53, -m + 18 = 19. Give d(o).
10
Let i(s) = 3*s + 2. Let y(g) = 8*g + 6. Suppose 45*p - 42*p - 18 = 0. Let h(w) = p*y(w) - 21*i(w). Let b(d) = d. Let f(n) = -18*b(n) - h(n). Give f(4).
-6
Let a(g) be the second derivative of g**5/60 + 5*g**4/24 + g**3 + g**2/2 - g. Let f(v) be the first derivative of a(v). Let x = 1286 + -1291. Determine f(x).
6
Let v(a) = -12*a - 6 + 9 - 289*a**3 + 288*a**3 + 7*a**2. Determine v(5).
-7
Let h(l) = 5*l - 5 + 2 - 1 - 1. What is h(-3)?
-20
Let s(y) = -y**3 + 7*y**2 - 5. Let n be 3/(-3)*-5 + 2. Suppose -n*c + 3*c = -q + 29, -5*q = 2*c - 101. Suppose -q = -i - 2*i. Calculate s(i).
-5
Let q(b) be the first derivative of -b**3/3 + 3*b**2/2 - 6*b - 135. Give q(4).
-10
Let k = -12 + -1. Let g = -19 - k. Let b(q) = q**2 + 8*q + 9. What is b(g)?
-3
Let x be (10/(-4))/((-2)/4). Let k(b) = 1 - 1 + b - x + b. Give k(4).
3
Let q(d) = d**2 + 8*d + 5. Let r be (-2)/(-8) + 275/(-44). Determine q(r).
-7
Suppose 5*o = 3*a - 66, -o = -2*a + 3*a + 10. Let h = -18 - o. Let b(g) = 3*g + 11 - 6 + 0*g + 0*g - g. What is b(h)?
-7
Let d(s) be the third derivative of s**4/24 - s**3/6 - 4*s**2 + 2. Determine d(4).
3
Let a = 215 + -39. Suppose 7*y = -a + 50. Let b be y/(-30) - 13/5. Let l(s) = s**3 - 3*s - 2. Give l(b).
-4
Suppose -68*s + 52 = -55*s. Let m(a) = -4*a + 5. Calculate m(s).
-11
Let y(u) = -7*u - 11. Let g(m) be the third derivative of m**4/3 + 2*m**3 + 6*m**2. Let p(j) = 5*g(j) + 6*y(j). Suppose -6*d - 16 = -2*d. What is p(d)?
2
Let u(f) = f**3 + 7*f**2 + 8*f + 5. Suppose -4*i + 36 + 12 = 0. Let q be i/28 - 90/14. What is u(q)?
-7
Let g(d) be the second derivative of 5*d**4/12 + d**3/3 + d**2/2 - 4*d. Give g(-1).
4
Let g(r) = 2*r**2 + 2*r. Suppose 9 - 27 = -3*m. Suppose 5*b + 5*o = -35, -4*o = m*b - b + 30. Determine g(b).
4
Let o(x) = -2*x - 4. Let p be o(-4). Let g(b) = -b**2 + 7*b - 7. Calculate g(p).
5
Let u(g) = -g**2 - 11*g + 12. Suppose 16*l - 66*l = 600. Determine u(l).
0
Let i(t) = t - 23. Suppose -n - 12 = -z - 35, z + 43 = 2*n. What is i(n)?
-3
Let i(u) = -5*u. Let o be (-5 - -10)/(2/4). Let d(h) = h**2 - 9*h - 13. Let w be d(o). Calculate i(w).
15
Let o(u) = -3 - 12 - 2*u + 1 + 8. Let x(f) = f**2 + 9*f - 6. Let z be x(-9). Determine o(z).
6
Let v be 0 - -3*2/3. Let t(h) = -h**2 - 93*h - 89*h + 181*h. Let j be t(v). Let w(s) = s + 11. Determine w(j).
5
Let o(x) = 3*x**2 + 37*x - 31. Let y(w) = w**2 + 12*w - 9. Let j(c) = -2*o(c) + 7*y(c). Calculate j(-8).
-17
Let s be 66/77*(2 + 8/3). Let f(b) = -b**2 + 6*b - 5. Give f(s).
3
Suppose -14*h + 3*z = -16*h + 20, -5*h - 4*z = -43. Let o(j) = j**3 - 4*j**2 - 19*j - 15. What is o(h)?
-1
Suppose -15*g + 0 = 15. Let d(p) = p + 12. Let b(n) = n - 1. Let q(x) = g*d(x) + 2*b(x). Give q(0).
-14
Let g = 79 + -75. Let k(w) = 14*w**2 - g + 5*w + 0*w**2 - 4 - 7*w**2 + w**3. What is k(-6)?
-2
Let f(c) be the first derivative of -c**6/120 + c**5/10 - 4*c**3/3 - 11*c**2 + 7. Let w(z) be the second derivative of f(z). What is w(6)?
-8
Let h = 0 - 4. Let p(a) = 2*a + 1. Let l(x) = -x - 1. Let r(v) = h*p(v) - 10*l(v). Calculate r(-5).
-4
Let z(v) = -v + 97 - 50 - 55. What is z(-8)?
0
Let c(x) = -3*x**2 + 4*x - 2. Let p(v) = -1 - 3*v**3 - 2*v**3 + 6*v**3 - 3*v + 4*v**2 + 13. Let j be p(-5). Calculate c(j).
-6
Let f be 1/2 - (-14)/4. Let i(q) = -f + 0 - q + 0*q + 6. Let h(n) = -2*n + 3. Let y(v) = -3*h(v) + 5*i(v). Determine y(3).
4
Let t(q) = -q**3 + 7*q**2 - 3*q + 23. Let v be t(7). Let n(y) = -y**2 - y - 1. Calculate n(v).
-7
Let j(k) = -2*k**2 + 15*k - 12. Let y be j(6). Suppose 2*z + z - y = 0. Let l(f) = 3*f + 2 - 5 + f - 2*f**2. Calculate l(z).
-3
Suppose -2*x - 2*r = -6, x = r - 3*r. Suppose -x*o + 12 = -2*o. Let s(g) = -g - 4*g - g**2 + o*g + g. Determine s(-3).
-6
Let z = -4 + 9. Let l = z + -6. Let p(n) = 8*n + 9. Let f(g) = 9*g + 7. Let q(t) = 4*f(t) - 3*p(t). Calculate q(l).
-11
Let u(h) = h**3 - h**2 + 3. Let m be u(0). Suppose 0*z = -m*z + 12. Let a(n) be the second derivative of -n**4/12 + 2*n**3/3 - n**2 - 23*n. Calculate a(z).
-2
Let i(y) = y**2 + 8*y + 7. Let n(x) = 3*x - 22. Let k be n(12). Suppose 0 = 6*v - v. Suppose v*r + 10 = -r - 2*g, 4*r - 5*g + k = 0. Give i(r).
-5
Let f(g) = -g + 31. Let h(v) = 3. Let p(s) = -2*f(s) + 22*h(s). What is p(-6)?
-8
Let p(x) = x**2 + 10*x + 2. Suppose 3*b + 43 = 13. Determine p(b).
2
Suppose 0 = 4*q - 2*a, -q - 10 = -14*a + 11*a. Let z(p) 